{"id":345,"date":"2016-05-25T22:51:36","date_gmt":"2016-05-25T20:51:36","guid":{"rendered":"http:\/\/bertrandschmid.ch\/?page_id=345"},"modified":"2026-03-22T11:44:50","modified_gmt":"2026-03-22T10:44:50","slug":"portrait","status":"publish","type":"page","link":"https:\/\/bertrandschmid.ch\/?page_id=345","title":{"rendered":"Ressources pour la presse"},"content":{"rendered":"<p>N\u00e9 en 1975, Bertrand Schmid a suivi des \u00e9tudes de grec ancien, d\u2019\u00e9gyptologie et de th\u00e9ologie. Il a publi\u00e9 un court r\u00e9cit, <a href=\"http:\/\/bertrandschmid.ch\/?p=1\"><em>Ailleurs<\/em><\/a>, aux <a href=\"http:\/\/www.dautrepart.ch\">\u00e9ditions d\u2019autre part<\/a> en 2011, r\u00e9\u00e9dit\u00e9 dans son recueil <a href=\"http:\/\/bertrandschmid.ch\/?p=638\"><em>Autres ailleurs<\/em><\/a>, aux \u00e9ditions <a href=\"https:\/\/www.lagedhomme.com\/\">L&rsquo;\u00c2ge d&rsquo;Homme<\/a>, en 2017. En 2016, il a publi\u00e9 son premier roman aux \u00e9ditions <a href=\"https:\/\/www.lagedhomme.com\/\">L&rsquo;\u00c2ge d&rsquo;Homme<\/a>, <a href=\"http:\/\/bertrandschmid.ch\/?p=331\"><em>Saison des ruines<\/em><\/a>, suivi de <em>L&rsquo;Aiguilleur<\/em>, aux \u00e9ditions <a href=\"https:\/\/actes-sud.fr\/collections\/inculte\">Inculte<\/a>. Il a \u00e9galement publi\u00e9 de la po\u00e9sie, comme <em>Eau dedans eau dehors<\/em>, aux <a href=\"https:\/\/www.editionsamizdat.ch\">\u00e9ditions Samizdat<\/a> ou <em>Sonnet|Soneto<\/em> aux \u00e9ditions l&rsquo;\u00c2ge d&rsquo;Homme.<\/p>\n<p><img loading=\"lazy\" decoding=\"async\" data-attachment-id=\"349\" data-permalink=\"https:\/\/bertrandschmid.ch\/?attachment_id=349\" data-orig-file=\"https:\/\/bertrandschmid.ch\/wp-content\/uploads\/2016\/05\/Bertrand-Schmid.jpg\" data-orig-size=\"400,400\" data-comments-opened=\"0\" data-image-meta=\"{&quot;aperture&quot;:&quot;0&quot;,&quot;credit&quot;:&quot;&quot;,&quot;camera&quot;:&quot;&quot;,&quot;caption&quot;:&quot;&quot;,&quot;created_timestamp&quot;:&quot;0&quot;,&quot;copyright&quot;:&quot;&quot;,&quot;focal_length&quot;:&quot;0&quot;,&quot;iso&quot;:&quot;0&quot;,&quot;shutter_speed&quot;:&quot;0&quot;,&quot;title&quot;:&quot;&quot;,&quot;orientation&quot;:&quot;0&quot;}\" data-image-title=\"Bertrand-Schmid\" data-image-description=\"\" data-image-caption=\"\" data-medium-file=\"https:\/\/bertrandschmid.ch\/wp-content\/uploads\/2016\/05\/Bertrand-Schmid-300x300.jpg\" data-large-file=\"https:\/\/bertrandschmid.ch\/wp-content\/uploads\/2016\/05\/Bertrand-Schmid.jpg\" class=\"aligncenter size-full wp-image-349\" src=\"http:\/\/bertrandschmid.ch\/wp-content\/uploads\/2016\/05\/Bertrand-Schmid.jpg\" alt=\"Bertrand-Schmid\" width=\"400\" height=\"400\" srcset=\"https:\/\/bertrandschmid.ch\/wp-content\/uploads\/2016\/05\/Bertrand-Schmid.jpg 400w, https:\/\/bertrandschmid.ch\/wp-content\/uploads\/2016\/05\/Bertrand-Schmid-150x150.jpg 150w, https:\/\/bertrandschmid.ch\/wp-content\/uploads\/2016\/05\/Bertrand-Schmid-300x300.jpg 300w, https:\/\/bertrandschmid.ch\/wp-content\/uploads\/2016\/05\/Bertrand-Schmid-88x88.jpg 88w\" sizes=\"auto, (max-width: 400px) 100vw, 400px\" \/><\/p>\n<p><a href=\"http:\/\/bertrandschmid.ch\/wp-content\/uploads\/2016\/05\/biographie.pdf\">T\u00e9l\u00e9charger la biographie de Bertrand Schmid.<\/a><\/p>\n<h2 style=\"text-align: center;\">Photographies \u00e0 l&rsquo;usage de la presse<\/h2>\n<p>L&rsquo;archive ci-dessous contient des photos pouvant \u00eatre employ\u00e9es pour illustrer des articles en ligne ou papier. Toutes les photos sont \u00a9 <a href=\"http:\/\/annebichsel.com\">Anne Bichsel<\/a>, 2016. Chaque photo doit \u00eatre clairement cr\u00e9dit\u00e9e.<\/p>\n\n\n<div class=\"wp-block-file\"><a id=\"wp-block-file--media-d9b789f6-9097-4a88-b325-1076ad584d1f\" href=\"https:\/\/bertrandschmid.ch\/wp-content\/uploads\/2026\/03\/photos_BS.zip\">photos_BS<\/a><a href=\"https:\/\/bertrandschmid.ch\/wp-content\/uploads\/2026\/03\/photos_BS.zip\" class=\"wp-block-file__button wp-element-button\" download aria-describedby=\"wp-block-file--media-d9b789f6-9097-4a88-b325-1076ad584d1f\">T\u00e9l\u00e9charger<\/a><\/div>\n","protected":false},"excerpt":{"rendered":"<p>N\u00e9 en 1975, Bertrand Schmid a suivi des \u00e9tudes de grec ancien, d\u2019\u00e9gyptologie et de th\u00e9ologie. Il a publi\u00e9 un court r\u00e9cit, Ailleurs, aux \u00e9ditions d\u2019autre part en 2011, r\u00e9\u00e9dit\u00e9 dans son recueil Autres ailleurs, aux \u00e9ditions L&rsquo;\u00c2ge d&rsquo;Homme, en 2017. En 2016, il a publi\u00e9 son premier roman aux \u00e9ditions L&rsquo;\u00c2ge d&rsquo;Homme, Saison des [&hellip;]<\/p>\n","protected":false},"author":99,"featured_media":0,"parent":0,"menu_order":0,"comment_status":"closed","ping_status":"closed","template":"","meta":{"_acf_changed":false,"jetpack_post_was_ever_published":false,"footnotes":""},"class_list":["post-345","page","type-page","status-publish","hentry"],"acf":[],"jetpack_sharing_enabled":true,"jetpack-related-posts":[{"id":178,"url":"https:\/\/bertrandschmid.ch\/?page_id=178","url_meta":{"origin":345,"position":0},"title":"Publications &#038; productions","author":"admin","date":"24 octobre 2012","format":false,"excerpt":"2012 Manuel M\u00fcller, sculpteur Collectif (Fran\u00e7oise Jaunin, Michel Th\u00e9voz, Jacques Chessex, Bertrand Schmid, Jean-Marie Reynier), \u00e9ditions Notari, 256 pages. Texte de pr\u00e9sentation (Indig\u00e8nes). Exposition La carafe d'eau du robinet est \u00e0 deux euros du Collectif Indig\u00e8ne (Andr\u00e9anne Oberson & Jean-Marie Reynier) au Local d'Art Contemporain de Vevey. Textes en musique.\u2026","rel":"","context":"Article similaire","block_context":{"text":"Article similaire","link":""},"img":{"alt_text":"Photo pr\u00e9sentant le livre vu de dessus","src":"https:\/\/i0.wp.com\/bertrandschmid.ch\/wp-content\/uploads\/2011\/10\/HPIM0388_2.jpg?resize=350%2C200","width":350,"height":200},"classes":[]},{"id":212,"url":"https:\/\/bertrandschmid.ch\/?page_id=212","url_meta":{"origin":345,"position":1},"title":"\u00c0 propos de Bertrand Schmid","author":"admin","date":"29 juillet 2014","format":false,"excerpt":"Bertrand Schmid est un \u00e9crivain n\u00e9 en 1975 en Suisse romande.","rel":"","context":"Article similaire","block_context":{"text":"Article similaire","link":""},"img":{"alt_text":"","src":"","width":0,"height":0},"classes":[]}],"_links":{"self":[{"href":"https:\/\/bertrandschmid.ch\/index.php?rest_route=\/wp\/v2\/pages\/345","targetHints":{"allow":["GET"]}}],"collection":[{"href":"https:\/\/bertrandschmid.ch\/index.php?rest_route=\/wp\/v2\/pages"}],"about":[{"href":"https:\/\/bertrandschmid.ch\/index.php?rest_route=\/wp\/v2\/types\/page"}],"author":[{"embeddable":true,"href":"https:\/\/bertrandschmid.ch\/index.php?rest_route=\/wp\/v2\/users\/99"}],"replies":[{"embeddable":true,"href":"https:\/\/bertrandschmid.ch\/index.php?rest_route=%2Fwp%2Fv2%2Fcomments&post=345"}],"version-history":[{"count":17,"href":"https:\/\/bertrandschmid.ch\/index.php?rest_route=\/wp\/v2\/pages\/345\/revisions"}],"predecessor-version":[{"id":6366,"href":"https:\/\/bertrandschmid.ch\/index.php?rest_route=\/wp\/v2\/pages\/345\/revisions\/6366"}],"wp:attachment":[{"href":"https:\/\/bertrandschmid.ch\/index.php?rest_route=%2Fwp%2Fv2%2Fmedia&parent=345"}],"curies":[{"name":"wp","href":"https:\/\/api.w.org\/{rel}","templated":true}]}}

<p>Né en 1975, Bertrand Schmid a suivi des études de grec ancien, d’égyptologie et de théologie. Il a publié un court récit, <a href="http://bertrandschmid.ch/?p=1"><em>Ailleurs</em></a>, aux <a href="http://www.dautrepart.ch">éditions d’autre part</a> en 2011, réédité dans son recueil <a href="http://bertrandschmid.ch/?p=638"><em>Autres ailleurs</em></a>, aux éditions <a href="https://www.lagedhomme.com/">L&rsquo;Âge d&rsquo;Homme</a>, en 2017. En 2016, il a publié son premier roman aux éditions <a href="https://www.lagedhomme.com/">L&rsquo;Âge d&rsquo;Homme</a>, <a href="http://bertrandschmid.ch/?p=331"><em>Saison des ruines</em></a>, suivi de <em>L&rsquo;Aiguilleur</em>, aux éditions <a href="https://actes-sud.fr/collections/inculte">Inculte</a>. Il a également publié de la poésie, comme <em>Eau dedans eau dehors</em>, aux <a href="https://www.editionsamizdat.ch">éditions Samizdat</a> ou <em>Sonnet|Soneto</em> aux éditions l&rsquo;Âge d&rsquo;Homme.</p>
<p><img loading="lazy" decoding="async" data-attachment-id="349" data-permalink="https://bertrandschmid.ch/?attachment_id=349" data-orig-file="https://bertrandschmid.ch/wp-content/uploads/2016/05/Bertrand-Schmid.jpg" data-orig-size="400,400" data-comments-opened="0" data-image-meta="{&quot;aperture&quot;:&quot;0&quot;,&quot;credit&quot;:&quot;&quot;,&quot;camera&quot;:&quot;&quot;,&quot;caption&quot;:&quot;&quot;,&quot;created_timestamp&quot;:&quot;0&quot;,&quot;copyright&quot;:&quot;&quot;,&quot;focal_length&quot;:&quot;0&quot;,&quot;iso&quot;:&quot;0&quot;,&quot;shutter_speed&quot;:&quot;0&quot;,&quot;title&quot;:&quot;&quot;,&quot;orientation&quot;:&quot;0&quot;}" data-image-title="Bertrand-Schmid" data-image-description="" data-image-caption="" data-medium-file="https://bertrandschmid.ch/wp-content/uploads/2016/05/Bertrand-Schmid-300x300.jpg" data-large-file="https://bertrandschmid.ch/wp-content/uploads/2016/05/Bertrand-Schmid.jpg" class="aligncenter size-full wp-image-349" src="http://bertrandschmid.ch/wp-content/uploads/2016/05/Bertrand-Schmid.jpg" alt="Bertrand-Schmid" width="400" height="400" srcset="https://bertrandschmid.ch/wp-content/uploads/2016/05/Bertrand-Schmid.jpg 400w, https://bertrandschmid.ch/wp-content/uploads/2016/05/Bertrand-Schmid-150x150.jpg 150w, https://bertrandschmid.ch/wp-content/uploads/2016/05/Bertrand-Schmid-300x300.jpg 300w, https://bertrandschmid.ch/wp-content/uploads/2016/05/Bertrand-Schmid-88x88.jpg 88w" sizes="auto, (max-width: 400px) 100vw, 400px" /></p>
<p><a href="http://bertrandschmid.ch/wp-content/uploads/2016/05/biographie.pdf">Télécharger la biographie de Bertrand Schmid.</a></p>
<h2 style="text-align: center;">Photographies à l&rsquo;usage de la presse</h2>
<p>L&rsquo;archive ci-dessous contient des photos pouvant être employées pour illustrer des articles en ligne ou papier. Toutes les photos sont © <a href="http://annebichsel.com">Anne Bichsel</a>, 2016. Chaque photo doit être clairement créditée.</p>


<div class="wp-block-file"><a id="wp-block-file--media-d9b789f6-9097-4a88-b325-1076ad584d1f" href="https://bertrandschmid.ch/wp-content/uploads/2026/03/photos_BS.zip">photos_BS</a><a href="https://bertrandschmid.ch/wp-content/uploads/2026/03/photos_BS.zip" class="wp-block-file__button wp-element-button" download aria-describedby="wp-block-file--media-d9b789f6-9097-4a88-b325-1076ad584d1f">Télécharger</a></div>

<p>Né en 1975, Bertrand Schmid a suivi des études de grec ancien, d’égyptologie et de théologie. Il a publié un court récit, Ailleurs, aux éditions d’autre part en 2011, réédité dans son recueil Autres ailleurs, aux éditions L&rsquo;Âge d&rsquo;Homme, en 2017. En 2016, il a publié son premier roman aux éditions L&rsquo;Âge d&rsquo;Homme, Saison des [&hellip;]</p>

2012 Manuel Müller, sculpteur Collectif (Françoise Jaunin, Michel Thévoz, Jacques Chessex, Bertrand Schmid, Jean-Marie Reynier), éditions Notari, 256 pages. Texte de présentation (Indigènes). Exposition La carafe d'eau du robinet est à deux euros du Collectif Indigène (Andréanne Oberson & Jean-Marie Reynier) au Local d'Art Contemporain de Vevey. Textes en musique.…

Photo présentant le livre vu de dessus

À propos de Bertrand Schmid

Bertrand Schmid est un écrivain né en 1975 en Suisse romande.
